{"id":328,"date":"2026-04-27T14:40:08","date_gmt":"2026-04-27T12:40:08","guid":{"rendered":"https:\/\/belgium-movers.be\/blog\/?page_id=328"},"modified":"2026-04-27T14:41:26","modified_gmt":"2026-04-27T12:41:26","slug":"demenagement-meise","status":"publish","type":"page","link":"https:\/\/belgium-movers.be\/blog\/demenagement-meise\/","title":{"rendered":"D\u00e9m\u00e9nagement Meise"},"content":{"rendered":"<p data-start=\"216\" data-end=\"466\">Vous recherchez une entreprise fiable pour votre <strong data-start=\"265\" data-end=\"287\">d\u00e9m\u00e9nagement Meise<\/strong> ? Que vous changiez de maison, d\u2019appartement ou de bureau, faire appel \u00e0 des professionnels exp\u00e9riment\u00e9s est essentiel pour garantir un transfert rapide, s\u00e9curis\u00e9 et sans stress.<\/p>\n<p data-start=\"468\" data-end=\"741\">Chez <a href=\"https:\/\/belgium-movers.be\/\" target=\"_blank\" rel=\"noopener\"><strong data-start=\"473\" data-end=\"491\">Belgium Movers<\/strong><\/a>, nous mettons \u00e0 votre disposition une \u00e9quipe de <strong data-start=\"540\" data-end=\"563\">d\u00e9m\u00e9nageurs \u00e0 Meise<\/strong> qualifi\u00e9s, \u00e9quip\u00e9s et \u00e0 l\u2019\u00e9coute de vos besoins. Notre objectif est simple : vous offrir un service de qualit\u00e9, adapt\u00e9 \u00e0 votre situation, avec un excellent rapport qualit\u00e9-prix.<\/p>\n<hr data-start=\"743\" data-end=\"746\" \/>\n<h2 data-section-id=\"1bvo71r\" data-start=\"748\" data-end=\"802\">\ud83d\udccd D\u00e9m\u00e9nager \u00e0 Meise et dans les communes alentours<\/h2>\n<p data-start=\"804\" data-end=\"1009\">Meise est une commune dynamique et agr\u00e9able \u00e0 vivre, id\u00e9alement situ\u00e9e \u00e0 proximit\u00e9 de Bruxelles. Que vous d\u00e9m\u00e9nagiez dans la r\u00e9gion ou vers une autre ville, il est important de bien organiser votre projet.<\/p>\n<p data-start=\"1011\" data-end=\"1117\">Nous intervenons non seulement pour tout <strong data-start=\"1052\" data-end=\"1076\">d\u00e9m\u00e9nagement \u00e0 Meise<\/strong>, mais aussi dans les communes voisines :<\/p>\n<ul data-start=\"1119\" data-end=\"1215\">\n<li data-section-id=\"1gu2qnn\" data-start=\"1119\" data-end=\"1133\"><a href=\"https:\/\/belgium-movers.be\/blog\/demenagement-jette\/\" target=\"_blank\" rel=\"noopener\"><strong data-start=\"1121\" data-end=\"1131\">Jette<\/strong><\/a><\/li>\n<li data-section-id=\"16x5eww\" data-start=\"1134\" data-end=\"1152\"><a href=\"https:\/\/belgium-movers.be\/blog\/demenagement-etterbeek\/\" target=\"_blank\" rel=\"noopener\"><strong data-start=\"1136\" data-end=\"1150\">Etterbeek<\/strong><\/a><\/li>\n<li data-section-id=\"1gnxi3k\" data-start=\"1153\" data-end=\"1171\"><strong data-start=\"1155\" data-end=\"1169\">Grimbergen<\/strong><\/li>\n<li data-section-id=\"1fgy4lh\" data-start=\"1172\" data-end=\"1188\"><strong data-start=\"1174\" data-end=\"1186\">Merchtem<\/strong><\/li>\n<li data-section-id=\"v7kk7l\" data-start=\"1189\" data-end=\"1215\"><strong data-start=\"1191\" data-end=\"1213\">Kapelle-op-den-Bos<\/strong><\/li>\n<\/ul>\n<p data-start=\"1217\" data-end=\"1335\">\ud83d\udc49 Gr\u00e2ce \u00e0 notre connaissance du terrain, nous optimisons chaque intervention pour un d\u00e9m\u00e9nagement rapide et efficace.<\/p>\n<hr data-start=\"1337\" data-end=\"1340\" \/>\n<h2 data-section-id=\"11l2x8a\" data-start=\"1342\" data-end=\"1396\">\ud83e\udde0 Pourquoi faire appel \u00e0 des d\u00e9m\u00e9nageurs \u00e0 Meise ?<\/h2>\n<p data-start=\"1398\" data-end=\"1593\">Un d\u00e9m\u00e9nagement peut rapidement devenir compliqu\u00e9 sans organisation ni mat\u00e9riel adapt\u00e9. Faire appel \u00e0 des <strong data-start=\"1504\" data-end=\"1527\">d\u00e9m\u00e9nageurs \u00e0 Meise<\/strong> vous permet de gagner du temps et d\u2019\u00e9viter de nombreux probl\u00e8mes.<\/p>\n<h3 data-section-id=\"1jkvvj6\" data-start=\"1595\" data-end=\"1615\">\u2714\ufe0f Gain de temps<\/h3>\n<p data-start=\"1616\" data-end=\"1702\">Nos \u00e9quipes prennent en charge toutes les \u00e9tapes : emballage, transport, installation.<\/p>\n<h3 data-section-id=\"wc3xrr\" data-start=\"1704\" data-end=\"1719\">\u2714\ufe0f S\u00e9curit\u00e9<\/h3>\n<p data-start=\"1720\" data-end=\"1796\">Vos meubles et objets fragiles sont prot\u00e9g\u00e9s avec du mat\u00e9riel professionnel.<\/p>\n<h3 data-section-id=\"105rx6i\" data-start=\"1798\" data-end=\"1820\">\u2714\ufe0f Moins de stress<\/h3>\n<p data-start=\"1821\" data-end=\"1871\">Vous d\u00e9l\u00e9guez les t\u00e2ches physiques et logistiques.<\/p>\n<h3 data-section-id=\"6zfk5g\" data-start=\"1873\" data-end=\"1890\">\u2714\ufe0f Efficacit\u00e9<\/h3>\n<p data-start=\"1891\" data-end=\"1952\">Un d\u00e9m\u00e9nagement complet peut \u00eatre r\u00e9alis\u00e9 en quelques heures.<\/p>\n<hr data-start=\"1954\" data-end=\"1957\" \/>\n<h2 data-section-id=\"1t2slr6\" data-start=\"1959\" data-end=\"2001\">\ud83d\udce6 Nos services de d\u00e9m\u00e9nagement \u00e0 Meise<\/h2>\n<p data-start=\"2003\" data-end=\"2101\">Chez <a href=\"https:\/\/belgium-movers.be\/\" target=\"_blank\" rel=\"noopener\"><strong data-start=\"2008\" data-end=\"2026\">Belgium Movers<\/strong><\/a>, nous proposons des solutions compl\u00e8tes pour votre <strong data-start=\"2078\" data-end=\"2100\">d\u00e9m\u00e9nagement Meise<\/strong>.<\/p>\n<h3 data-section-id=\"1gsgm3\" data-start=\"2103\" data-end=\"2130\">\ud83d\ude9a D\u00e9m\u00e9nagement complet<\/h3>\n<p data-start=\"2131\" data-end=\"2159\">Nous nous occupons de tout :<\/p>\n<ul data-start=\"2160\" data-end=\"2227\">\n<li data-section-id=\"11hhh1c\" data-start=\"2160\" data-end=\"2173\">Emballage<\/li>\n<li data-section-id=\"ar9syx\" data-start=\"2174\" data-end=\"2199\">D\u00e9montage des meubles<\/li>\n<li data-section-id=\"lealuz\" data-start=\"2200\" data-end=\"2213\">Transport<\/li>\n<li data-section-id=\"1g3xlok\" data-start=\"2214\" data-end=\"2227\">Remontage<\/li>\n<\/ul>\n<hr data-start=\"2229\" data-end=\"2232\" \/>\n<h3 data-section-id=\"7oe8yc\" data-start=\"2234\" data-end=\"2274\">\ud83d\udce6 Service d\u2019emballage professionnel<\/h3>\n<p data-start=\"2275\" data-end=\"2314\">Nos <strong data-start=\"2279\" data-end=\"2302\">d\u00e9m\u00e9nageurs \u00e0 Meise<\/strong> utilisent :<\/p>\n<ul data-start=\"2315\" data-end=\"2381\">\n<li data-section-id=\"z558ed\" data-start=\"2315\" data-end=\"2331\">Papier bulle<\/li>\n<li data-section-id=\"1959xpx\" data-start=\"2332\" data-end=\"2351\">Cartons solides<\/li>\n<li data-section-id=\"1pl9fiv\" data-start=\"2352\" data-end=\"2381\">Couvertures de protection<\/li>\n<\/ul>\n<p data-start=\"2383\" data-end=\"2425\">\ud83d\udc49 Vos objets sont parfaitement s\u00e9curis\u00e9s.<\/p>\n<hr data-start=\"2427\" data-end=\"2430\" \/>\n<h3 data-section-id=\"2bwmpp\" data-start=\"2432\" data-end=\"2466\">\ud83e\ude91 Transport de meubles lourds<\/h3>\n<p data-start=\"2467\" data-end=\"2581\">Canap\u00e9s, armoires, \u00e9lectrom\u00e9nager\u2026<br data-start=\"2501\" data-end=\"2504\" \/>Nous disposons du mat\u00e9riel n\u00e9cessaire pour transporter vos biens sans risque.<\/p>\n<hr data-start=\"2583\" data-end=\"2586\" \/>\n<h3 data-section-id=\"pzh3pi\" data-start=\"2588\" data-end=\"2620\">\ud83c\udfe2 D\u00e9m\u00e9nagement d\u2019entreprise<\/h3>\n<p data-start=\"2621\" data-end=\"2665\">Nous accompagnons aussi les professionnels :<\/p>\n<ul data-start=\"2666\" data-end=\"2714\">\n<li data-section-id=\"153l7r8\" data-start=\"2666\" data-end=\"2677\">Bureaux<\/li>\n<li data-section-id=\"wnyznq\" data-start=\"2678\" data-end=\"2691\">Commerces<\/li>\n<li data-section-id=\"qx4zim\" data-start=\"2692\" data-end=\"2714\">Espaces de travail<\/li>\n<\/ul>\n<p data-start=\"2716\" data-end=\"2770\">\ud83d\udc49 Intervention rapide pour limiter les interruptions.<\/p>\n<hr data-start=\"2772\" data-end=\"2775\" \/>\n<h2 data-section-id=\"9cigzo\" data-start=\"2777\" data-end=\"2830\">\u26a1 Comment bien pr\u00e9parer son d\u00e9m\u00e9nagement \u00e0 Meise ?<\/h2>\n<p data-start=\"2832\" data-end=\"2910\">Une bonne pr\u00e9paration est essentielle pour un <strong data-start=\"2878\" data-end=\"2909\">d\u00e9m\u00e9nagement \u00e0 Meise r\u00e9ussi<\/strong>.<\/p>\n<h3 data-section-id=\"185h6q\" data-start=\"2912\" data-end=\"2928\">\u2714\ufe0f Anticiper<\/h3>\n<p data-start=\"2929\" data-end=\"3000\">Commencez \u00e0 organiser votre d\u00e9m\u00e9nagement plusieurs semaines \u00e0 l\u2019avance.<\/p>\n<h3 data-section-id=\"xenjk5\" data-start=\"3002\" data-end=\"3014\">\u2714\ufe0f Trier<\/h3>\n<p data-start=\"3015\" data-end=\"3088\">Profitez-en pour vendre, donner ou jeter ce dont vous n\u2019avez plus besoin.<\/p>\n<h3 data-section-id=\"1z74em\" data-start=\"3090\" data-end=\"3117\">\u2714\ufe0f Pr\u00e9parer les cartons<\/h3>\n<p data-start=\"3118\" data-end=\"3165\">Utilisez des cartons solides et bien \u00e9tiquet\u00e9s.<\/p>\n<h3 data-section-id=\"1hanp4r\" data-start=\"3167\" data-end=\"3189\">\u2714\ufe0f Pr\u00e9voir l\u2019acc\u00e8s<\/h3>\n<p data-start=\"3190\" data-end=\"3247\">V\u00e9rifiez les acc\u00e8s (escaliers, ascenseur, stationnement).<\/p>\n<hr data-start=\"3249\" data-end=\"3252\" \/>\n<h2 data-section-id=\"1vem2qh\" data-start=\"3254\" data-end=\"3300\">\ud83c\udfe0 D\u00e9m\u00e9nagement Meise : contraintes locales<\/h2>\n<p data-start=\"3302\" data-end=\"3371\">Un <strong data-start=\"3305\" data-end=\"3329\">d\u00e9m\u00e9nagement \u00e0 Meise<\/strong> peut pr\u00e9senter certaines particularit\u00e9s :<\/p>\n<ul data-start=\"3373\" data-end=\"3467\">\n<li data-section-id=\"14xgdny\" data-start=\"3373\" data-end=\"3406\">Zones r\u00e9sidentielles \u00e9troites<\/li>\n<li data-section-id=\"nrzc71\" data-start=\"3407\" data-end=\"3424\">Acc\u00e8s limit\u00e9s<\/li>\n<li data-section-id=\"gzdagh\" data-start=\"3425\" data-end=\"3467\"><a href=\"https:\/\/belgium-movers.be\/blog\/303-2\/\" target=\"_blank\" rel=\"noopener\">Besoin d\u2019autorisation de stationnement<\/a><\/li>\n<\/ul>\n<p data-start=\"3469\" data-end=\"3558\">\ud83d\udc49 Nos \u00e9quipes connaissent parfaitement ces contraintes et s\u2019adaptent \u00e0 chaque situation.<\/p>\n<hr data-start=\"3560\" data-end=\"3563\" \/>\n<h2 data-section-id=\"2n27aa\" data-start=\"3565\" data-end=\"3626\">\ud83d\ude9b Un mat\u00e9riel professionnel pour un d\u00e9m\u00e9nagement s\u00e9curis\u00e9<\/h2>\n<p data-start=\"3628\" data-end=\"3688\">Chez <strong data-start=\"3633\" data-end=\"3651\">Belgium Movers<\/strong>, nous utilisons du mat\u00e9riel adapt\u00e9 :<\/p>\n<ul data-start=\"3690\" data-end=\"3795\">\n<li data-section-id=\"1v8v102\" data-start=\"3690\" data-end=\"3709\">Camions \u00e9quip\u00e9s<\/li>\n<li data-section-id=\"1imhifp\" data-start=\"3710\" data-end=\"3733\">Sangles de maintien<\/li>\n<li data-section-id=\"1pl9fiv\" data-start=\"3734\" data-end=\"3763\">Couvertures de protection<\/li>\n<li data-section-id=\"3lgqpl\" data-start=\"3764\" data-end=\"3795\">Monte-meubles si n\u00e9cessaire<\/li>\n<\/ul>\n<p data-start=\"3797\" data-end=\"3851\">\ud83d\udc49 Cela garantit un <strong data-start=\"3817\" data-end=\"3850\">d\u00e9m\u00e9nagement Meise sans casse<\/strong>.<\/p>\n<hr data-start=\"3853\" data-end=\"3856\" \/>\n<h2 data-section-id=\"sypfre\" data-start=\"3858\" data-end=\"3927\">\ud83d\udcbc Pourquoi choisir Belgium Movers pour votre d\u00e9m\u00e9nagement Meise ?<\/h2>\n<p data-start=\"3929\" data-end=\"4029\">Faire appel \u00e0 <strong data-start=\"3943\" data-end=\"3961\">Belgium Movers<\/strong>, c\u2019est choisir des <strong data-start=\"3981\" data-end=\"4028\">d\u00e9m\u00e9nageurs \u00e0 <a href=\"https:\/\/fr.wikipedia.org\/wiki\/Meise\" target=\"_blank\" rel=\"noopener\">Meise<\/a> fiables et exp\u00e9riment\u00e9s<\/strong>.<\/p>\n<h3 data-section-id=\"19b0n5b\" data-start=\"4031\" data-end=\"4056\">\u2714\ufe0f \u00c9quipe qualifi\u00e9e<\/h3>\n<h3 data-section-id=\"1ymxn1v\" data-start=\"4057\" data-end=\"4085\">\u2714\ufe0f Intervention rapide<\/h3>\n<h3 data-section-id=\"ch5831\" data-start=\"4086\" data-end=\"4113\">\u2714\ufe0f Service sur mesure<\/h3>\n<h3 data-section-id=\"1g7ganv\" data-start=\"4114\" data-end=\"4140\">\u2714\ufe0f Prix transparents<\/h3>\n<h3 data-section-id=\"q8u7ts\" data-start=\"4141\" data-end=\"4169\">\u2714\ufe0f Satisfaction client<\/h3>\n<p data-start=\"4171\" data-end=\"4251\">\ud83d\udc49 Nous mettons tout en \u0153uvre pour rendre votre d\u00e9m\u00e9nagement simple et efficace.<\/p>\n<hr data-start=\"4253\" data-end=\"4256\" \/>\n<h2 data-section-id=\"rgqkce\" data-start=\"4258\" data-end=\"4304\">\ud83d\udccd Nous intervenons partout autour de Meise<\/h2>\n<p><img loading=\"lazy\" decoding=\"async\" class=\"alignnone size-medium wp-image-330\" src=\"https:\/\/belgium-movers.be\/blog\/wp-content\/uploads\/2026\/04\/carte-demenagement-brabant-flamand-bruxelles-300x200.png\" alt=\"\" width=\"300\" height=\"200\" srcset=\"https:\/\/belgium-movers.be\/blog\/wp-content\/uploads\/2026\/04\/carte-demenagement-brabant-flamand-bruxelles-300x200.png 300w, https:\/\/belgium-movers.be\/blog\/wp-content\/uploads\/2026\/04\/carte-demenagement-brabant-flamand-bruxelles-1024x683.png 1024w, https:\/\/belgium-movers.be\/blog\/wp-content\/uploads\/2026\/04\/carte-demenagement-brabant-flamand-bruxelles-768x512.png 768w, https:\/\/belgium-movers.be\/blog\/wp-content\/uploads\/2026\/04\/carte-demenagement-brabant-flamand-bruxelles.png 1536w\" sizes=\"auto, (max-width: 300px) 100vw, 300px\" \/><\/p>\n<p data-start=\"4306\" data-end=\"4362\">En plus de votre <strong data-start=\"4323\" data-end=\"4345\">d\u00e9m\u00e9nagement Meise<\/strong>, nous couvrons :<\/p>\n<ul data-start=\"4364\" data-end=\"4450\">\n<li data-section-id=\"13194s3\" data-start=\"4364\" data-end=\"4374\">Wemmel<\/li>\n<li data-section-id=\"ycxjs0\" data-start=\"4375\" data-end=\"4389\">Grimbergen<\/li>\n<li data-section-id=\"9uqaf4\" data-start=\"4390\" data-end=\"4404\">Londerzeel<\/li>\n<li data-section-id=\"1dx6wjp\" data-start=\"4405\" data-end=\"4417\">Merchtem<\/li>\n<li data-section-id=\"bgrlqp\" data-start=\"4418\" data-end=\"4450\">Bruxelles et toute la r\u00e9gion<\/li>\n<\/ul>\n<p data-start=\"4452\" data-end=\"4505\">\ud83d\udc49 Peu importe votre destination, nous nous adaptons.<\/p>\n<hr data-start=\"4507\" data-end=\"4510\" \/>\n<h2 data-section-id=\"1kyiiwz\" data-start=\"4512\" data-end=\"4561\">\u26a0\ufe0f Les erreurs \u00e0 \u00e9viter lors d\u2019un d\u00e9m\u00e9nagement<\/h2>\n<p data-start=\"4563\" data-end=\"4676\">\u274c Ne pas planifier<br data-start=\"4581\" data-end=\"4584\" \/>\u274c Sous-estimer le volume<br data-start=\"4608\" data-end=\"4611\" \/>\u274c Utiliser du mat\u00e9riel inadapt\u00e9<br data-start=\"4642\" data-end=\"4645\" \/>\u274c Attendre la derni\u00e8re minute<\/p>\n<p data-start=\"4678\" data-end=\"4728\">\ud83d\udc49 \u00c9vitez ces erreurs pour un d\u00e9m\u00e9nagement r\u00e9ussi.<\/p>\n<hr data-start=\"4730\" data-end=\"4733\" \/>\n<h2 data-section-id=\"n8n2pi\" data-start=\"4735\" data-end=\"4788\">\ud83d\ude80 D\u00e9m\u00e9nagement Meise pas cher : est-ce possible ?<\/h2>\n<p data-start=\"4790\" data-end=\"4850\">Oui, avec une bonne organisation et les bons professionnels.<\/p>\n<p data-start=\"4852\" data-end=\"4933\">\ud83d\udc49 Chez <strong data-start=\"4860\" data-end=\"4878\">Belgium Movers<\/strong>, nous proposons des solutions adapt\u00e9es \u00e0 votre budget.<\/p>\n<hr data-start=\"4935\" data-end=\"4938\" \/>\n<h1 data-section-id=\"2y1kc3\" data-start=\"4940\" data-end=\"4969\">\ud83d\udcac FAQ \u2013 D\u00e9m\u00e9nagement Meise<\/h1>\n<h3 data-section-id=\"1v9no\" data-start=\"4971\" data-end=\"5014\">Combien co\u00fbte un d\u00e9m\u00e9nagement \u00e0 Meise ?<\/h3>\n<p data-start=\"5015\" data-end=\"5117\">Le prix d\u00e9pend du volume, de la distance et des services choisis. Contactez-nous pour un devis pr\u00e9cis.<\/p>\n<hr data-start=\"5119\" data-end=\"5122\" \/>\n<h3 data-section-id=\"1b6qia5\" data-start=\"5124\" data-end=\"5167\">Combien de temps dure un d\u00e9m\u00e9nagement ?<\/h3>\n<p data-start=\"5168\" data-end=\"5229\">En moyenne, un d\u00e9m\u00e9nagement peut \u00eatre r\u00e9alis\u00e9 en une journ\u00e9e.<\/p>\n<hr data-start=\"5231\" data-end=\"5234\" \/>\n<h3 data-section-id=\"1m0oxw3\" data-start=\"5236\" data-end=\"5287\">Faut-il faire appel \u00e0 des d\u00e9m\u00e9nageurs \u00e0 Meise ?<\/h3>\n<p data-start=\"5288\" data-end=\"5348\">Oui, cela permet de gagner du temps et d\u2019\u00e9viter les risques.<\/p>\n<hr data-start=\"5350\" data-end=\"5353\" \/>\n<h3 data-section-id=\"aim0cn\" data-start=\"5355\" data-end=\"5404\">Intervenez-vous dans les communes alentours ?<\/h3>\n<p data-start=\"5405\" data-end=\"5462\">Oui, nous couvrons Meise et toute la r\u00e9gion environnante.<\/p>\n<hr data-start=\"5464\" data-end=\"5467\" \/>\n<h3 data-section-id=\"f3df3c\" data-start=\"5469\" data-end=\"5500\">Proposez-vous l\u2019emballage ?<\/h3>\n<p data-start=\"5501\" data-end=\"5561\">Oui, nous proposons un service complet incluant l\u2019emballage.<\/p>\n<hr data-start=\"5563\" data-end=\"5566\" \/>\n<h3 data-section-id=\"1wejb3d\" data-start=\"5568\" data-end=\"5610\">Transportez-vous les objets fragiles ?<\/h3>\n<p data-start=\"5611\" data-end=\"5663\">Oui, avec des protections professionnelles adapt\u00e9es.<\/p>\n<hr data-start=\"5665\" data-end=\"5668\" \/>\n<h3 data-section-id=\"1ee40r5\" data-start=\"5670\" data-end=\"5704\">Peut-on d\u00e9m\u00e9nager en urgence ?<\/h3>\n<p data-start=\"5705\" data-end=\"5771\">Oui, nous proposons des interventions rapides selon disponibilit\u00e9.<\/p>\n<hr data-start=\"5773\" data-end=\"5776\" \/>\n<h3 data-section-id=\"vrzp6f\" data-start=\"5778\" data-end=\"5811\">Fournissez-vous le mat\u00e9riel ?<\/h3>\n<p data-start=\"5812\" data-end=\"5867\">Oui, nous mettons \u00e0 disposition cartons et protections.<\/p>\n<hr data-start=\"5869\" data-end=\"5872\" \/>\n<h3 data-section-id=\"rzdv4q\" data-start=\"5874\" data-end=\"5907\">Travaillez-vous le week-end ?<\/h3>\n<p data-start=\"5908\" data-end=\"5931\">Oui, selon vos besoins.<\/p>\n<hr data-start=\"5933\" data-end=\"5936\" \/>\n<h3 data-section-id=\"nu7qz9\" data-start=\"5938\" data-end=\"5968\">Comment obtenir un devis ?<\/h3>\n<p data-start=\"5969\" data-end=\"6022\">Il suffit de nous contacter, c\u2019est rapide et gratuit.<\/p>\n<hr data-start=\"6024\" data-end=\"6027\" \/>\n<h2 data-section-id=\"4gobed\" data-start=\"6029\" data-end=\"6090\">\ud83c\udfc1 Conclusion : votre d\u00e9m\u00e9nagement Meise en toute s\u00e9r\u00e9nit\u00e9<\/h2>\n<p data-start=\"6092\" data-end=\"6309\">Un <strong data-start=\"6095\" data-end=\"6117\">d\u00e9m\u00e9nagement Meise<\/strong> demande de l\u2019organisation, du temps et de l\u2019\u00e9nergie. Pour \u00e9viter le stress et garantir un r\u00e9sultat optimal, faire appel \u00e0 des <strong data-start=\"6244\" data-end=\"6282\">d\u00e9m\u00e9nageurs \u00e0 Meise professionnels<\/strong> est la meilleure solution.<\/p>\n<p data-start=\"6311\" data-end=\"6502\">Avec <strong data-start=\"6316\" data-end=\"6334\">Belgium Movers<\/strong>, vous b\u00e9n\u00e9ficiez d\u2019un service complet, rapide et s\u00e9curis\u00e9. Nous vous accompagnons \u00e0 chaque \u00e9tape pour que votre d\u00e9m\u00e9nagement se d\u00e9roule dans les meilleures conditions.<\/p>\n<p data-start=\"6504\" data-end=\"6573\">\ud83d\udc49 <strong data-start=\"6507\" data-end=\"6573\">Nous proposons des devis gratuits, rapides et sans engagement.<\/strong><\/p>\n<p data-start=\"6575\" data-end=\"6742\">\ud83d\udcde N\u2019attendez plus : <a href=\"https:\/\/belgium-movers.be\/contact-demenagement.html\" target=\"_blank\" rel=\"noopener\">contactez d\u00e8s maintenant <strong data-start=\"6621\" data-end=\"6639\">Belgium Movers<\/strong><\/a> pour organiser votre d\u00e9m\u00e9nagement \u00e0 Meise et profiter d\u2019un service professionnel adapt\u00e9 \u00e0 vos besoins.<\/p>\n","protected":false},"excerpt":{"rendered":"<p>Vous recherchez une entreprise fiable pour votre d\u00e9m\u00e9nagement Meise ? Que vous changiez de maison, d\u2019appartement ou de bureau, faire appel \u00e0 des professionnels exp\u00e9riment\u00e9s est essentiel pour garantir un transfert rapide, s\u00e9curis\u00e9 et sans stress. Chez Belgium Movers, nous mettons \u00e0 votre disposition une \u00e9quipe de d\u00e9m\u00e9nageurs \u00e0 Meise qualifi\u00e9s, \u00e9quip\u00e9s et \u00e0 l\u2019\u00e9coute&hellip;<\/p>\n","protected":false},"author":1,"featured_media":331,"parent":0,"menu_order":0,"comment_status":"closed","ping_status":"closed","template":"","meta":{"footnotes":""},"class_list":["post-328","page","type-page","status-publish","has-post-thumbnail","hentry"],"_links":{"self":[{"href":"https:\/\/belgium-movers.be\/blog\/wp-json\/wp\/v2\/pages\/328","targetHints":{"allow":["GET"]}}],"collection":[{"href":"https:\/\/belgium-movers.be\/blog\/wp-json\/wp\/v2\/pages"}],"about":[{"href":"https:\/\/belgium-movers.be\/blog\/wp-json\/wp\/v2\/types\/page"}],"author":[{"embeddable":true,"href":"https:\/\/belgium-movers.be\/blog\/wp-json\/wp\/v2\/users\/1"}],"replies":[{"embeddable":true,"href":"https:\/\/belgium-movers.be\/blog\/wp-json\/wp\/v2\/comments?post=328"}],"version-history":[{"count":2,"href":"https:\/\/belgium-movers.be\/blog\/wp-json\/wp\/v2\/pages\/328\/revisions"}],"predecessor-version":[{"id":333,"href":"https:\/\/belgium-movers.be\/blog\/wp-json\/wp\/v2\/pages\/328\/revisions\/333"}],"wp:featuredmedia":[{"embeddable":true,"href":"https:\/\/belgium-movers.be\/blog\/wp-json\/wp\/v2\/media\/331"}],"wp:attachment":[{"href":"https:\/\/belgium-movers.be\/blog\/wp-json\/wp\/v2\/media?parent=328"}],"curies":[{"name":"wp","href":"https:\/\/api.w.org\/{rel}","templated":true}]}}